mmon factor of 156 and 36221718.
78
What is the greatest common divisor of 47549 and 427023?
17
What is the highest common divisor of 2175 and 5865?
15
What is the greatest common factor of 162627078 and 3446?
3446
What is the greatest common factor of 15949238 and 127796?
1486
What is the greatest common factor of 51590 and 27805?
335
What is the highest common divisor of 148850 and 168738650?
11450
Calculate the greatest common divisor of 36834750 and 1500.
750
Calculate the greatest common divisor of 42382 and 30.
2
Calculate the greatest common factor of 504628 and 7157.
17
What is the greatest common factor of 497736 and 7533?
279
Calculate the greatest common divisor of 143632661 and 1589.
227
Calculate the greatest common factor of 2400 and 2163696.
48
What is the greatest common factor of 246649025 and 1400?
175
What is the highest common factor of 200 and 8100600?
200
What is the greatest common divisor of 378 and 248141376?
126
What is the greatest common factor of 4020966 and 78?
6
What is the highest common divisor of 258618646 and 1144?
286
Calculate the greatest common factor of 595929594 and 1326.
1326
What is the highest common factor of 59 and 33888?
1
What is the highest common factor of 64 and 123923136?
64
Calculate the highest common factor of 2294514970 and 110.
110
What is the greatest common factor of 60 and 105615460?
20
What is the highest common divisor of 107801 and 2392?
23
Calculate the highest common factor of 138528 and 22670973.
4329
Calculate the highest common factor of 6010605 and 51.
51
What is the greatest common divisor of 5413924 and 736?
92
Calculate the greatest common divisor of 5769115 and 1408.
11
Calculate the highest common divisor of 80 and 7109620.
20
Calculate the highest common divisor of 72531645 and 2983.
2983
Calculate the greatest common divisor of 2432 and 30884864.
128
What is the greatest common divisor of 6344314 and 1538434?
2762
Calculate the greatest common factor of 17 and 2465153.
17
What is the greatest common factor of 4452 and 89358024?
84
Calculate the greatest common divisor of 3099256 and 1736.
248
What is the highest common divisor of 119534 and 171100?
118
Calculate the highest common factor of 55202 and 339206.
14
Calculate the greatest common factor of 52702 and 125832106.
4054
Calculate the greatest common factor of 1360 and 2243728.
272
What is the highest common divisor of 63008704 and 176?
176
Calculate the highest common divisor of 8438 and 5584.
2
What is the greatest common factor of 19454126 and 2134?
194
What is the highest common divisor of 17328 and 446918?
722
Calculate the greatest common factor of 47311 and 1754621.
2057
Calculate the highest common factor of 13181400 and 18.
18
Calculate the highest common factor of 3144663 and 16605.
81
What is the greatest common divisor of 11480 and 2001545?
35
Calculate the highest common factor of 1468915 and 210.
35
What is the greatest common factor of 41676 and 119139?
453
Calculate the greatest common divisor of 221 and 1577823.
13
Calculate the highest common factor of 90 and 35849835.
45
Calculate the greatest common factor of 10270314 and 3807.
81
What is the greatest common factor of 1548 and 354141?
9
What is the highest common factor of 69146 and 52783542?
6286
What is the greatest common divisor of 4169 and 271697899?
4169
What is the greatest common divisor of 728713386 and 72?
18
Calculate the highest common factor of 53800940 and 160.
20
Calculate the greatest common divisor of 399 and 1102790248.
133
What is the highest common divisor of 70 and 1125477458?
14
What is the highest common factor of 1710 and 129058290?
90
Calculate the highest common divisor of 2436678 and 16362.
18
Calculate the highest common divisor of 195 and 22101465.
15
What is the greatest common divisor of 87900 and 119100?
300
Calculate the highest common factor of 8235 and 103324545.
8235
Calculate the greatest common divisor of 4401 and 22142970.
27
What is the greatest common factor of 90 and 138129510?
30
What is the highest common divisor of 42498066 and 19734?
1794
What is the highest common divisor of 132296 and 1170532?
2876
Calculate the greatest common factor of 10370214 and 808482.
6366
What is the greatest common factor of 171 and 27690201?
171
What is the greatest common divisor of 831 and 22254?
3
What is the highest common factor of 191925514 and 66?
22
Calculate the highest common divisor of 179780 and 8383.
101
What is the highest common divisor of 108680 and 3055?
65
Calculate the greatest common factor of 12 and 1403408868.
12
Calculate the highest common factor of 38955 and 2254245.
735
Calculate the greatest common factor of 209 and 13250182.
209
Calculate the greatest common factor of 173639 and 827789.
89
Calculate the greatest common factor of 29640 and 1577940.
780
Calculate the greatest common divisor of 51 and 124007163.
51
What is the highest common factor of 112528294 and 290?
58
Calculate the greatest common divisor of 1978848 and 87.
3
Calculate the highest common divisor of 8638 and 20669500.
1234
Calculate the greatest common divisor of 13583352 and 16.
8
Calculate the greatest common factor of 478126 and 2134.
22
What is the highest common factor of 59108518 and 42?
14
Calculate the highest common divisor of 7676832 and 96.
96
What is the highest common divisor of 98792 and 80152?
1864
What is the highest common factor of 11050 and 34532550?
650
What is the greatest common factor of 84 and 35622489?
21
What is the greatest common factor of 10752 and 353161984?
1792
What is the highest common divisor of 194038 and 10387?
221
What is the highest common factor of 29587794 and 12?
6
Calculate the greatest common factor of 3840238 and 406.
58
Calculate the greatest common factor of 46745928 and 3249.
171
What is the greatest common divisor of 3121881 and 658?
329
What is the highest common divisor of 19425420 and 168?
84
Calculate the highest common divisor of 508 and 9845167.
127
What is the highest common divisor of 58386 and 25248?
1578
Calculate the highest common divisor of 4668 and 107107260.
4668
Calculate the highest common divisor of 35990 and 116290.
10
Calculate the highest common factor of 8042523 and 2228.
557
What is the greatest common divisor of 1932 and 1952700?
276
What is the highest common factor of 14011710 and 26130?
2010
Calculate the highest common factor of 194665 and 20.
5
What is the greatest common divisor of 3477987 and 2774817?
5409
Calculate the highest common factor of 323213 and 1375.
11
What is the highest common divisor of 303961 and 680582?
1211
What is the greatest common divisor of 8376635 and 10?
5
What is the highest common factor of 124036 and 76293416?
11276
Calculate the greatest common factor of 80 and 4960630.
10
What is the highest common divisor of 1515246 and 24?
6
Calculate the highest common factor of 15606513 and 1053.
1053
What is the highest common divisor of 2602583 and 149?
149
Calculate the highest common divisor of 20875 and 117401.
167
Calculate the highest common factor of 1500 and 15102920.
20
Calculate the highest common factor of 20 and 6362720.
20
What is the greatest common factor of 4810643 and 272?
17
Calculate the highest common factor of 1987717 and 746.
373
Calculate the highest common divisor of 9 and 448479891.
9
Calculate the greatest common factor of 110734 and 2626.
26
Calculate the greatest common divisor of 264 and 49115616.
264
What is the greatest common factor of 3707 and 32371883?
337
Calculate the greatest common divisor of 120 and 781176.
24
What is the greatest common divisor of 11860 and 25030?
10
Calculate the greatest common divisor of 38059 and 7574.
7
What is the highest common factor of 42925 and 12739635?
505
Calculate the highest common divisor of 229117 and 62125.
497
Calculate the highest common divisor of 2236686 and 2445.
489
What is the highest common divisor of 872361351 and 538?
269
Calculate the greatest common divisor of 1102 and 197548.
58
Calculate the highest common divisor of 2215458 and 10206.
378
Calculate the highest common factor of 1155 and 136960845.
105
What is the greatest common divisor of 17157 and 372153?
57
What is the highest common divisor of 308556371 and 472?
59
Calculate the high